) = -2*w. Let c(m) = a(m) + 5*f(m). What is c(-4)?
24
Let a(i) = 2*i - 6. Suppose 4*c = -16 - 12. Let j = c + 22. Let s = j + -9. Determine a(s).
6
Let l(f) = -f**3 + f**2 + 2*f - 2. Let b = 1734 + -1734. Determine l(b).
-2
Let b(h) = -2*h**2 + h. Let n be (-1)/6 + 11/(-6). Determine b(n).
-10
Let m(y) be the first derivative of -y**4/4 + y**3 + 3*y**2/2 - 181. Determine m(4).
-4
Let i(p) = p**2 - 4*p - 2. Suppose -l + 9 = -4*l. Let r(w) = w + 4. Let j be r(l). Suppose 2*d = 8, h = -0*h + d + j. Calculate i(h).
3
Let q(a) = 2*a**3 - 15*a**2 - 7*a. Let z be (-2 - (-120)/4)*(-16)/(-56). Calculate q(z).
8
Suppose 7*b = 6*b + 1. Suppose -a = k + 8, -3*k - 7 - b = a. Let f(x) = x**3 + 9*x**2 + 7*x - 3. Determine f(a).
5
Let t(w) = -2*w + 2*w**2 + 0*w - 5 + 1. Suppose -5*j + 21 = 6. Determine t(j).
8
Let o be 1*8 + (-2 - -2). Let a = o + -15. Let s(f) = -11*f - 21. Let b(j) = 15*j + 30. Let l(h) = -3*b(h) - 4*s(h). Give l(a).
1
Let n(x) be the second derivative of -x**5/20 - x**4/2 - 5*x**3/6 + 2*x**2 + 62*x. Determine n(-4).
-8
Suppose 5*r = -5*j - 0*r, -5*j = 4*r - 5. Let c be (-50)/(-6) + 4/(-12). Let w(v) = -2*v + 9*v - v + c*v**2 - 9*v**2. Determine w(j).
5
Let z(w) = -1690*w + 1690*w + 2 - 5*w**2 + 2*w**2. Give z(-2).
-10
Let n(f) = -f**2 - 8*f + 3. Let p = -294 + 287. Give n(p).
10
Let x(l) = -2*l**3 + 6*l**2 + 13*l. Let a(h) = h**3 - 7*h**2 - 12*h + 1. Let d(j) = -3*a(j) - 2*x(j). Calculate d(-8).
-19
Suppose 3*d + 5*s - 20 = 0, 3*s + 8 = -3*d + 5*s. Suppose d = k + 8 - 6. Let i(p) = 6*p + 1. What is i(k)?
-11
Suppose 25*m - 33*m = 24. Let q(r) = 7*r + 13. Give q(m).
-8
Let i(b) be the second derivative of b**4/12 + b**2 + 18*b - 1. What is i(-2)?
6
Let j(c) = -5*c**2 + c. Let n(h) = -16*h**2 + h + 22. Let b(k) = 3*j(k) - n(k). Calculate b(-7).
13
Let t(u) = -16 - 10*u + 10*u + u**2 - 12*u. Let r be t(13). Let i(f) = f**3 + 3*f**2 - 3*f - 2. What is i(r)?
7
Suppose -4 + 6 = -j + g, -4*g - 12 = 0. Let c(h) = -7*h - 2 + 6 - 2 - 2*h**2. What is c(j)?
-13
Let c(k) be the third derivative of -1/2*k**3 - 5/24*k**4 + 1/120*k**6 + 1/20*k**5 + 0*k + 0 - k**2. Let f be (21/(-21))/(10/40). Calculate c(f).
1
Let c be (56/(-21))/(2/6 + -1). Suppose c*x - 2*x = -6. Let u(z) = -z**2 - z - 1. Let r(s) = -s**3 - 3*s**2 - s - 2. Let d(p) = -r(p) + u(p). What is d(x)?
-8
Let q be -4*(4 + -3)/1. Let r(m) = -m**3 - 3*m**2 + 2*m - 5. Let c be r(q). Let j(n) = -n**2 + 3*n + 4. What is j(c)?
4
Let o = -63 - -66. Suppose 69*b - o = 70*b. Let k(x) = 2*x**2 + 5*x + 3. Give k(b).
6
Let o(m) = 7 + 338*m**2 - 682*m**2 + 345*m**2 + m - m**3. Determine o(0).
7
Let w(y) be the first derivative of -y**2 - 4*y + 10. Suppose -3*x - 2*u = -8*x + 21, -3*u = -5*x + 24. Determine w(x).
-10
Let o(i) = -10*i + 90. Let c be o(8). Let s(v) = v**2 - 10*v. What is s(c)?
0
Let y(z) = -10*z - 67. Let r(c) = 7*c + 44. Let h(s) = 7*r(s) + 5*y(s). Calculate h(-12).
-15
Let j = 21 + -14. Let w(a) = -j + 10 - 5*a - 5 - a**2. Calculate w(-2).
4
Let a(q) = 3. Let o(u) = 37*u + 5. Let v(n) = 2*a(n) - o(n). What is v(-1)?
38
Suppose 0 = -32*a + 29*a + 9. Let w be (-84)/(-7) - a/1. Let o(j) = -j + 12. Calculate o(w).
3
Let f = -70 + 67. Let z(m) = -4*m - 1. Calculate z(f).
11
Let u(z) = -123*z + 7 + 55*z - 5*z**2 + 3*z**2 + 57*z. Determine u(-6).
1
Let r(o) = o**3 - 1. Let i(k) = -3*k**3 + 9*k**2 - 11*k + 7. Let l(d) = -i(d) - 2*r(d). Calculate l(7).
-26
Suppose 903*t + 40 = 898*t. Let x(o) = -o**3 - 8*o**2 - o - 5. Calculate x(t).
3
Suppose 123*j - 82 - 65 = 99. Let k(t) = -2*t**2 + 9*t - 9. Let x(n) = -n**2 + 5*n - 5. Let b(v) = -3*k(v) + 5*x(v). Determine b(j).
2
Let p(m) = m**3 - 5*m**2 - 7*m + 3. Let w be 2/(-5)*(-10)/4. Let r be (-3)/6*(w + -1). Suppose r = k + k - 12. What is p(k)?
-3
Let w = 965 - 964. Let r(k) = -9*k**2 + k - 1. Calculate r(w).
-9
Let s(w) be the second derivative of w**3/2 - 2*w. Let i(n) = -n**3 + 11*n**2 - 10*n - 2. Let b be i(10). Let u be ((-1)/b)/(7/14). Determine s(u).
3
Let k(r) = 17*r + 1. Suppose 5*l + 3*g = 11, 0 = 8*l - 6*l + g - 4. Calculate k(l).
18
Let d(g) be the third derivative of 1/60*g**5 + 1/4*g**4 - 4/3*g**3 + 8*g**2 + 0 + 0*g. Determine d(-7).
-1
Let h(o) = -o**3 - 13*o**2 - 11*o + 17. Let f = -688 - -676. What is h(f)?
5
Let q(v) = -v**3 - 7*v**2 - 2*v + 2. Let d be q(-7). Let m be -4*(-2)/d*2. Let y(u) = -8*u**3 - 2*u**2 + u. Calculate y(m).
-9
Let w(k) = -k**3 - 4*k**2 + 6*k + 1. Let x(i) = 19 + 20 + 128*i - 131*i - 17. Let t be x(9). What is w(t)?
-4
Suppose 0*z = 5*k - z - 20, -2*k + 26 = -4*z. Let p(a) = 2*a**2 - a + 4. Let l(u) = -u**2 + 2*u - 4. Let f(i) = k*p(i) + 4*l(i). What is f(-4)?
8
Suppose 3*x - 12*o - 42 = 0, 4*o + 0 = -2*x - 20. Let k(s) = -6*s + 2*s + 0 - 2. Give k(x).
6
Let d(o) = 11*o**3 - 43*o**2 - 5*o + 4. Let u(i) = 6*i**3 - 24*i**2 - 3*i + 2. Let t(z) = -4*d(z) + 7*u(z). Calculate t(3).
-23
Let t(k) = -k**2 - 3*k + 1. Suppose -60 + 53 = -x. Suppose x*c - 6*c = -3. Give t(c).
1
Let g be 0*(-9)/90 + 4. Let p(a) = -4*a + 1. Calculate p(g).
-15
Let y(c) = 5*c**2 - 2*c - 6. Let u(s) = -1. Let x(f) = -5*u(f) + y(f). Let v = -4255 - -4254. What is x(v)?
6
Let m be (-1 + 0)*-5 - 0. Suppose m*i = 8 + 17. Let w be ((-6)/i)/(3/15). Let o(q) = -q**3 - 7*q**2 - 8*q - 5. Determine o(w).
7
Let b(r) = 4*r - 7. Let h(y) = -33*y + 71. Let k(g) = -11*g + 23. Let w(f) = 2*h(f) - 7*k(f). Let p(q) = 17*b(q) - 6*w(q). Give p(6).
7
Let x(a) = -23*a + 2. Let h(b) = 80*b - 7. Let c(n) = -2*h(n) - 7*x(n). Determine c(1).
1
Let k be (-72)/((-12)/(-4))*1. Let z = k - -26. Let t(h) = 1 - z*h + 3 - h**2 + 0 + 1. Calculate t(-4).
-3
Let z(s) be the third derivative of s**5/60 + s**4/8 - 2*s**3/3 - 37*s**2 + 2*s. What is z(-4)?
0
Let c(r) be the first derivative of r**4/4 - 5*r**3/3 + 3*r**2 - 3*r + 58. Calculate c(3).
-3
Let t(x) = x**3 - 8*x**2 + 8*x + 2. Suppose 0*i - 19 = -4*m - 5*i, -3*i = 3. Give t(m).
-22
Let d(q) = q**2 - 2*q - 3. Suppose -3*l = 3*j + 126, -68 - 133 = 5*j + 2*l. Let i = j - -35. Determine d(i).
21
Let l(q) = q**3 - 15*q**2 - q + 18. Let v be l(15). Let s(j) = -3*j**v + j + 2*j - 6 - j + 2*j**3 - 6*j**2. Calculate s(-6).
-18
Let a(r) = 5*r + 6. Let g(b) = 4*b + 5. Let j(k) = -6*a(k) + 7*g(k). Let f(m) = m**3 - 16*m**2 + 14*m - 4. Let o be f(15). Let v = 15 + o. Determine j(v).
7
Suppose 4*j - 2 = -a - 6, 5*j = 4*a - 26. Let d be 0*1*j/4. Let h(r) = -6*r - 3 + 2*r + 1 - 2*r**2 + d. What is h(-2)?
-2
Let s(y) = -y**2 - 5*y - 3. Let b be (-1359)/45 + (-2)/(-10). Let c = -35 - b. Calculate s(c).
-3
Let g(q) = -q**2 + 2*q + 4*q - 4*q. Let y be g(2). Let f(u) = -3*u**2 - 4*u - 2. Let i(v) = -2*v**2 - 3*v - 1. Let x(w) = 5*f(w) - 7*i(w). Determine x(y).
-3
Suppose -49*w = -53*w. Suppose z + w = 3. Let b(f) be the third derivative of f**6/120 - f**5/12 + 5*f**4/24 - 2*f**3/3 - 13*f**2. Determine b(z).
-7
Let r(s) be the third derivative of -1/60*s**5 - 18*s**2 + 0*s + 1/24*s**4 + 0 - 1/6*s**3. Determine r(3).
-7
Let m = 49 + -45. Suppose 30*q = 28*q - m. Let l(a) = -a**2 + 1. Give l(q).
-3
Let u = 2 - 5. Let a(w) be the third derivative of -1/24*w**4 + 1/2*w**3 + 0*w - 10*w**2 + 0. Give a(u).
6
Let i(y) = -y**2 + 11*y + 4. Let n be i(11). Suppose -n - 8 = -2*v. Let m(c) = 9 - 4*c - 2*c + 4*c. Determine m(v).
-3
Let m(p) = 3*p**2 - 1 + 0*p**2 - 17*p**3 - p**2. Suppose -47 = -29*i - 37 + 19. Calculate m(i).
-16
Suppose 2 = -n - 0*n. Let t(v) be the second derivative of 2*v**3/3 + 3*v**2/2 + 147*v. Determine t(n).
-5
Let h = 7 + -12. Let k(i) = -4*i**3 + 7*i**2 - 9*i - 4. Let u(l) = -3*l**3 + 6*l**2 - 8*l - 3. Let m(w) = h*k(w) + 6*u(w). Let y = -3 + 5. Give m(y).
16
Let j = 13 + -8. Let m(r) = -5*r**2 - 9*r + 7. Let d(k) be the third derivative of -k**5/30 - k**4/8 + k**3/3 + k**2. Let f(l) = 8*d(l) - 3*m(l). Give f(j).
-15
Let i(k) be the second derivative of -k**5/20 + 3*k**4/4 + k**3/6 - k**2/2 + 97*k. Determine i(9).
8
Let u(x) = -12 - 3*x - 4 + 1 + 0. Give u(-11).
18
Let k = -15 + 16. Suppose g = 3*b, 2*g + k - 6 = b. Let c(f) = -f**3 - f**2 + 1. Let h(a) = -21*a**3 - 6*a**2 + 2*a + 5. Let n(r) = 6*c(r) - h(r). What is n(b)?
14
Let p(b) = 9*b + 2*b**2 + 4*b**3 - 3*b**3 - 6 + 8*b**2. Let z be p(-9). Let n be (-1 - z)*(-2)/(-5). Let k(u) = 2*u**2 - 3*u + 3. What is k(n)?
5
Suppose -12*x + 11*x + 7 = 4*u, -5*u + 5 = 0. Let w(o) = -o. Wha